905880?
True
Is 8002876 a multiple of 391?
False
Does 496 divide 4101424?
True
Does 270 divide 764410?
False
Is 1032928 a multiple of 13?
True
Does 4 divide 12029?
False
Does 204 divide 489192?
True
Is 2527701 a multiple of 11?
True
Is 11 a factor of 437866?
True
Is 809676 a multiple of 54?
True
Is 2247161 a multiple of 601?
False
Is 7551892 a multiple of 17?
False
Does 40 divide 22800?
True
Is 139 a factor of 2096487?
False
Does 19 divide 471637?
True
Is 18992646 a multiple of 202?
True
Is 1596 a factor of 242592?
True
Does 949 divide 267618?
True
Is 96698 a multiple of 1056?
False
Is 14 a factor of 929881?
False
Does 61 divide 29605930?
False
Is 218 a factor of 751431?
False
Is 12 a factor of 365604?
True
Does 210 divide 1989540?
True
Is 9063591 a multiple of 130?
False
Is 34 a factor of 556818?
True
Is 8109639 a multiple of 1863?
True
Does 31 divide 11249401?
False
Is 52 a factor of 629304?
True
Does 7 divide 1915725?
True
Is 65441 a multiple of 8?
False
Is 5485074 a multiple of 11?
False
Is 10 a factor of 63112?
False
Is 10 a factor of 782590?
True
Does 49 divide 208642?
True
Is 98417 a multiple of 389?
True
Is 55 a factor of 50930?
True
Does 345 divide 360525?
True
Is 10 a factor of 55810?
True
Is 10 a factor of 1305126?
False
Is 304 a factor of 605872?
True
Is 41 a factor of 11341748?
True
Does 272 divide 3244960?
True
Is 220 a factor of 51260?
True
Does 65 divide 501020?
True
Does 6 divide 2054780?
False
Is 1382650 a multiple of 369?
False
Does 43 divide 1161000?
True
Is 723 a factor of 15464723?
False
Does 28 divide 339892?
True
Does 8 divide 65774?
False
Is 31 a factor of 581730?
False
Is 76 a factor of 265652?
False
Does 13 divide 4136639?
True
Is 1015808 a multiple of 5?
False
Is 5697775 a multiple of 725?
True
Is 1554024 a multiple of 584?
True
Does 31 divide 26350?
True
Is 1419 a factor of 3195618?
False
Does 72 divide 5203152?
True
Is 29 a factor of 30856?
True
Is 375165 a multiple of 135?
True
Is 1998100 a multiple of 377?
True
Is 1181 a factor of 10979429?
False
Is 669760 a multiple of 598?
True
Does 203 divide 6638659?
False
Does 191 divide 2096989?
True
Is 38 a factor of 279300?
True
Does 60 divide 140452?
False
Does 576 divide 824962?
False
Is 4225354 a multiple of 1045?
False
Is 437791 a multiple of 21?
False
Is 571 a factor of 5139?
True
Does 27 divide 1913888?
False
Is 1438029 a multiple of 1183?
False
Is 1015154 a multiple of 41?
False
Is 10642467 a multiple of 11?
True
Is 256224 a multiple of 157?
True
Does 35 divide 44590?
True
Does 40 divide 483196?
False
Is 204 a factor of 573480?
False
Is 866314 a multiple of 2?
True
Is 504451 a multiple of 3?
False
Is 154611 a multiple of 5?
False
Is 303632 a multiple of 7?
True
Does 163 divide 224503?
False
Is 65725 a multiple of 8?
False
Is 304 a factor of 238116?
False
Is 5714820 a multiple of 15?
True
Is 17 a factor of 668865?
True
Is 15158 a multiple of 261?
False
Does 10 divide 76160?
True
Is 3052946 a multiple of 377?
True
Does 173 divide 12538569?
False
Is 240270 a multiple of 20?
False
Is 227620 a multiple of 572?
False
Is 138 a factor of 276828?
True
Is 369 a factor of 1350909?
True
Is 329 a factor of 696681?
False
Does 383 divide 393198?
False
Does 259 divide 1458947?
True
Is 37 a factor of 112769?
False
Is 5478545 a multiple of 751?
True
Is 304 a factor of 4060752?
False
Does 50 divide 2483731?
False
Is 90 a factor of 505350?
True
Is 862916 a multiple of 35?
False
Is 580086 a multiple of 6?
True
Is 72 a factor of 18732921?
False
Is 15 a factor of 435853?
False
Does 142 divide 273776?
True
Is 685 a factor of 110285?
True
Is 6101948 a multiple of 61?
False
Is 11 a factor of 1826374?
True
Is 260 a factor of 13861642?
False
Does 100 divide 3342000?
True
Does 70 divide 37100?
True
Is 1581085 a multiple of 85?
True
Is 87 a factor of 134227?
False
Is 39 a factor of 835692?
True
Does 12 divide 174681?
False
Is 1850124 a multiple of 384?
False
Is 3009636 a multiple of 3?
True
Does 258 divide 6635737?
False
Is 9 a factor of 358191?
True
Is 108326 a multiple of 52?
False
Is 87 a factor of 5742?
True
Is 50 a factor of 2470200?
True
Is 193050 a multiple of 54?
True
Is 2889328 a multiple of 464?
True
Is 140055 a multiple of 56?
False
Is 13 a factor of 4231081?
False
Is 9888 a multiple of 138?
False
Is 89 a factor of 46759?
False
Is 2 a factor of 27774?
True
Does 652 divide 577744?
False
Is 735 a factor of 474810?
True
Is 277 a factor of 6936080?
True
Does 12 divide 307764?
True
Is 2123680 a multiple of 36?
False
Does 108 divide 2592?
True
Does 8 divide 33363?
False
Is 28 a factor of 1577397?
False
Does 26 divide 56394?
True
Does 50 divide 737929?
False
Does 202 divide 8739934?
True
Is 405405 a multiple of 99?
True
Is 108 a factor of 87912?
True
Is 35 a factor of 3349745?
True
Does 34 divide 8332082?
False
Does 31 divide 4171139?
False
Does 35 divide 44893?
False
Does 19 divide 91906?
False
Does 4 divide 6307524?
True
Does 82 divide 324105?
False
Is 209 a factor of 2962549?
False
Is 4 a factor of 264459?
False
Is 2956144 a multiple of 116?
True
Is 239919 a multiple of 119?
False
Is 166901 a multiple of 20?
False
Is 65 a factor of 170755?
True
Is 322050 a multiple of 226?
True
Is 1393 a factor of 8908421?
False
Does 8 divide 637536?
True
Does 1055 divide 2133395?
False
Is 263 a factor of 31823?
True
Does 26 divide 348239?
False
Is 14 a factor of 158410?
True
Is 126 a factor of 666288?
True
Is 8 a factor of 261256?
True
Is 59580 a multiple of 36?
True
Does 4 divide 4062581?
False
Is 37 a factor of 790986?
True
Is 97 a factor of 356378?
True
Is 2 a factor of 18484?
True
Is 281 a factor of 42402?
False
Does 17 divide 324462?
True
Is 168 a factor of 2417688?
True
Does 114 divide 36472?
False
Is 24 a factor of 168384?
True
Does 69 divide 914086?
False
Is 76 a factor of 1376436?
True
Is 116058 a multiple of 58?
True
Is 46 a factor of 8205342?
True
Does 82 divide 902164?
True
Is 196850 a multiple of 310?
True
Is 41679 a multiple of 9?
True
Does 23 divide 169094?
False
Is 7561653 a multiple of 407?
True
Does 103 divide 152610?
False
Is 122 a factor of 111826?
False
Is 66916 a multiple of 2?
True
Is 130189 a multiple of 101?
True
Does 130 divide 274215?
False
Is 10920450 a multiple of 705?
True
Is 3 a factor of 289151?
False
Is 148 a factor of 154512?
True
Is 23 a factor of 388286?
True
Is 39 a factor of 210809?
False
Does 67 divide 11748482?
False
Does 19 divide 336948?
False
Is 22 a factor of 619410?
True
Is 85 a factor of 172828?
False
Is 30 a factor of 89550?
True
Is 5380296 a multiple of 102?
True
Does 560 divide 1297520?
True
Is 896 a factor of 1350507?
False
Is 122 a factor of 36913?
False
Is 40838 a multiple of 7?
True
Is 211575 a multiple of 455?
True
Does 25 divide 171304?
False
Is 34000 a multiple of 5?
True
Is 222 a factor of 423354?
True
Is 130583 a multiple of 12?
False
Is 117 a factor of 1053502?
False
Is 128 a factor of 124928?
True
Is 147110 a multiple of 94?
True
Is 276 a factor of 183264?
True
Is 103 a factor of 82855?
False
Is 632132 a multiple of 21?
False
Does 166 divide 687240?
True
Is 369 a factor of 101303?
False
Is 68602 a multiple of 19?
False
Is 48073 a multiple of 110?
False
Is 58 a factor of 6101600?
True
Does 83 divide 4529400?
False
Is 4 a factor of 78434?
False
Is 4 a factor of 2086887?
False
Does 884 divide 6630000?
True
Is 22 a factor of 2083518?
False
Does 200 divide 510600?
True
Is 17 a factor of 325546?
False
Is 208 a factor of 539196?
False
Is 37 a factor of 4759580?
False
Is 28500 a multiple of 5?
True
Does 10 divide 6799?
False
Is 200 a factor of 334800?
True
Does 271 divide 2031687?
True
Is 241886 a multiple of 2?
True
Is 24898 a multiple of 20?
False
Is 2 a factor of 18378?
True
Does 79 divide 1975?
True
Is 147 a factor of 1523292?
False
Is 4411040 a multiple of 124?
False
Is 15904 a multiple of 16?
True
Does 6 divide 2154714?
True
Is 1110493 a multiple of 17?
False
Is 65132 a multiple of 6?
False
Is 5638694 a multiple of 14?
False
Is 10 a factor of 925163?
False
Does 391 divide 2045321?
True
Does 153 divide 1733337?
True
Is 241285 a multiple of 55?
True
Is 134625 a multiple of 25?
True
Does 100 divide 1250700?
True
Is 57327 a multiple of 50?
False
Is 199 a factor of 19503?
False
Is 12 a factor of 6366989?
False
Does 3 divide 88836?
True
Does 97 d